{"id":119,"date":"2020-09-08T16:54:40","date_gmt":"2020-09-08T14:54:40","guid":{"rendered":"http:\/\/mzrecords.eu\/?page_id=119"},"modified":"2023-05-03T16:14:22","modified_gmt":"2023-05-03T14:14:22","slug":"albums-jeune-public","status":"publish","type":"page","link":"https:\/\/mzrecords.eu\/index.php\/albums-jeune-public\/","title":{"rendered":"Albums jeune public"},"content":{"rendered":"\n<p>MZ Records produit \u00e9galement des albums destin\u00e9s au Jeune Public, en liaison avec la Compagnie Marmouzic, dont Christofer Bjurstr\u00f6m est codirecteur avec Catherine Le Flochmoan.<\/p>\n\n\n\n<div class=\"wp-block-columns is-layout-flex wp-container-core-columns-is-layout-9d6595d7 wp-block-columns-is-layout-flex\">\n<div class=\"wp-block-column is-layout-flow wp-block-column-is-layout-flow\">\n<figure class=\"wp-block-image size-large\"><a href=\"https:\/\/mzrecords.eu\/index.php\/mar-l02-livre-cd-le-mystere-bigoulet\/\"><img loading=\"lazy\" decoding=\"async\" width=\"1024\" height=\"822\" src=\"https:\/\/mzrecords.eu\/wp-content\/uploads\/2022\/11\/Couverture-Livre-CD-Bigoulet-1024x822.jpg\" alt=\"\" class=\"wp-image-786\" srcset=\"https:\/\/mzrecords.eu\/wp-content\/uploads\/2022\/11\/Couverture-Livre-CD-Bigoulet-1024x822.jpg 1024w, https:\/\/mzrecords.eu\/wp-content\/uploads\/2022\/11\/Couverture-Livre-CD-Bigoulet-300x241.jpg 300w, https:\/\/mzrecords.eu\/wp-content\/uploads\/2022\/11\/Couverture-Livre-CD-Bigoulet-768x616.jpg 768w, https:\/\/mzrecords.eu\/wp-content\/uploads\/2022\/11\/Couverture-Livre-CD-Bigoulet-1536x1232.jpg 1536w, https:\/\/mzrecords.eu\/wp-content\/uploads\/2022\/11\/Couverture-Livre-CD-Bigoulet.jpg 1745w\" sizes=\"auto, (max-width: 1024px) 100vw, 1024px\" \/><\/a><\/figure>\n\n\n\n<p>MARL02 &#8211; Le Myst\u00e8re Bigoulet<\/p>\n<\/div>\n\n\n\n<div class=\"wp-block-column is-layout-flow wp-block-column-is-layout-flow\">\n<figure class=\"wp-block-image size-full\"><a href=\"https:\/\/mzrecords.eu\/index.php\/mar-l01-le-voyage-dhipollene\/\"><img loading=\"lazy\" decoding=\"async\" width=\"1005\" height=\"1024\" src=\"https:\/\/mzrecords.eu\/wp-content\/uploads\/2020\/09\/Couv-Pochette-Hipollene-red.png\" alt=\"\" class=\"wp-image-306\" srcset=\"https:\/\/mzrecords.eu\/wp-content\/uploads\/2020\/09\/Couv-Pochette-Hipollene-red.png 1005w, https:\/\/mzrecords.eu\/wp-content\/uploads\/2020\/09\/Couv-Pochette-Hipollene-red-294x300.png 294w, https:\/\/mzrecords.eu\/wp-content\/uploads\/2020\/09\/Couv-Pochette-Hipollene-red-768x783.png 768w\" sizes=\"auto, (max-width: 1005px) 100vw, 1005px\" \/><\/a><figcaption class=\"wp-element-caption\">MARL01 &#8211; Le voyage d&rsquo;Hipoll\u00e8ne<\/figcaption><\/figure>\n<\/div>\n\n\n\n<div class=\"wp-block-column is-layout-flow wp-block-column-is-layout-flow\">\n<figure class=\"wp-block-image size-large\"><a href=\"https:\/\/mzrecords.eu\/index.php\/mars-05-le-voleur-et-la-princesse\/\"><img loading=\"lazy\" decoding=\"async\" width=\"1018\" height=\"1024\" src=\"https:\/\/mzrecords.eu\/wp-content\/uploads\/2020\/07\/Cd-voleur-1018x1024.jpg\" alt=\"\" class=\"wp-image-36\" srcset=\"https:\/\/mzrecords.eu\/wp-content\/uploads\/2020\/07\/Cd-voleur-1018x1024.jpg 1018w, https:\/\/mzrecords.eu\/wp-content\/uploads\/2020\/07\/Cd-voleur-298x300.jpg 298w, https:\/\/mzrecords.eu\/wp-content\/uploads\/2020\/07\/Cd-voleur-150x150.jpg 150w, https:\/\/mzrecords.eu\/wp-content\/uploads\/2020\/07\/Cd-voleur-768x772.jpg 768w, https:\/\/mzrecords.eu\/wp-content\/uploads\/2020\/07\/Cd-voleur.jpg 1464w\" sizes=\"auto, (max-width: 1018px) 100vw, 1018px\" \/><\/a><figcaption class=\"wp-element-caption\">MARS01 &#8211; Le Voleur et la PRincesse<\/figcaption><\/figure>\n<\/div>\n<\/div>\n","protected":false},"excerpt":{"rendered":"<p>MZ Records produit \u00e9galement des albums destin\u00e9s au Jeune Public, en liaison avec la Compagnie Marmouzic, dont Christofer Bjurstr\u00f6m est codirecteur avec Catherine Le Flochmoan.<\/p>\n","protected":false},"author":1,"featured_media":0,"parent":0,"menu_order":0,"comment_status":"closed","ping_status":"closed","template":"","meta":{"footnotes":""},"class_list":["post-119","page","type-page","status-publish","hentry"],"_links":{"self":[{"href":"https:\/\/mzrecords.eu\/index.php\/wp-json\/wp\/v2\/pages\/119","targetHints":{"allow":["GET"]}}],"collection":[{"href":"https:\/\/mzrecords.eu\/index.php\/wp-json\/wp\/v2\/pages"}],"about":[{"href":"https:\/\/mzrecords.eu\/index.php\/wp-json\/wp\/v2\/types\/page"}],"author":[{"embeddable":true,"href":"https:\/\/mzrecords.eu\/index.php\/wp-json\/wp\/v2\/users\/1"}],"replies":[{"embeddable":true,"href":"https:\/\/mzrecords.eu\/index.php\/wp-json\/wp\/v2\/comments?post=119"}],"version-history":[{"count":2,"href":"https:\/\/mzrecords.eu\/index.php\/wp-json\/wp\/v2\/pages\/119\/revisions"}],"predecessor-version":[{"id":849,"href":"https:\/\/mzrecords.eu\/index.php\/wp-json\/wp\/v2\/pages\/119\/revisions\/849"}],"wp:attachment":[{"href":"https:\/\/mzrecords.eu\/index.php\/wp-json\/wp\/v2\/media?parent=119"}],"curies":[{"name":"wp","href":"https:\/\/api.w.org\/{rel}","templated":true}]}}