{"id":14,"date":"2020-07-28T15:21:34","date_gmt":"2020-07-28T13:21:34","guid":{"rendered":"http:\/\/mzrecords.eu\/?page_id=14"},"modified":"2023-05-09T18:15:55","modified_gmt":"2023-05-09T16:15:55","slug":"mar-01-on-a-marche-sous-la-pluie","status":"publish","type":"page","link":"https:\/\/mzrecords.eu\/index.php\/mar-01-on-a-marche-sous-la-pluie\/","title":{"rendered":"MAR 01: On a march\u00e9 sous la pluie"},"content":{"rendered":"\n<div class=\"wp-block-media-text alignwide is-stacked-on-mobile\"><figure class=\"wp-block-media-text__media\"><img loading=\"lazy\" decoding=\"async\" width=\"705\" height=\"697\" src=\"http:\/\/mzrecords.eu\/wp-content\/uploads\/2020\/07\/sous-la-pluie.jpg\" alt=\"\" class=\"wp-image-25 size-full\" srcset=\"https:\/\/mzrecords.eu\/wp-content\/uploads\/2020\/07\/sous-la-pluie.jpg 705w, https:\/\/mzrecords.eu\/wp-content\/uploads\/2020\/07\/sous-la-pluie-300x297.jpg 300w\" sizes=\"auto, (max-width: 705px) 100vw, 705px\" \/><\/figure><div class=\"wp-block-media-text__content\">\n<p class=\"has-small-font-size\"><strong>Christophe Rocher: <\/strong>Clarinettes<strong><br>Christofer Bjurstr\u00f6m<\/strong>: piano, fl\u00fbte harmonique<\/p>\n\n\n\n<p><\/p>\n\n\n\n<p class=\"has-small-font-size\">Enregistr\u00e9 par Sylvain Th\u00e9venard \u00e0 Ern\u00e9e les 5 et 6 f\u00e9vrier 2000<\/p>\n\n\n\n<div class=\"wp-block-buttons is-layout-flex wp-block-buttons-is-layout-flex\">\n<div class=\"wp-block-button\"><a class=\"wp-block-button__link has-cyan-bluish-gray-background-color has-background wp-element-button\" href=\"https:\/\/www.lesallumesdujazz.com\/e-boutique\/on-a-marche-sous-la-pluie\/VVh4bzJGUHZtaytWZjM5LzFobDR6UT09\" target=\"_blank\" rel=\"noreferrer noopener\">Commander sur le site des Allum\u00e9s du Jazz<\/a><\/div>\n\n\n\n<div class=\"wp-block-button\"><a class=\"wp-block-button__link has-cyan-bluish-gray-background-color has-background wp-element-button\" href=\"https:\/\/mzrecords.bandcamp.com\/music\" target=\"_blank\" rel=\"noreferrer noopener\">Commander sur Bandcamp<\/a><\/div>\n<\/div>\n<\/div><\/div>\n\n\n\n<p><br>Le premier disque du duo a \u00e9t\u00e9 enregistr\u00e9 en 2000 et r\u00e9v\u00e8le une premi\u00e8re \u00e9tape du cheminement de ce duo entre \u00e9criture et improvisation.<br> \u201cEt si on a march\u00e9 sous la pluie, cette promenade au c\u0153ur d\u2019une \u00e9criture musicale exigeante a finalement transform\u00e9 la grisaille en \u00e9claircie\u2026\u201d<\/p>\n\n\n\n<div class=\"wp-block-columns is-layout-flex wp-container-core-columns-is-layout-9d6595d7 wp-block-columns-is-layout-flex\">\n<div class=\"wp-block-column is-layout-flow wp-block-column-is-layout-flow\">\n<h2 class=\"wp-block-heading\">Ce qu&rsquo;en a dit la presse<\/h2>\n\n\n\n<p>\u00ab\u00a0<em>Entre compositions et improvisations, leur univers musical est d\u00e9di\u00e9 au dialogue des instruments \u2026<\/em>\u00a0\u00bb <br>Ouest-France mai 2001<br><br><em>\u00ab\u00a0Leur CD \u00ab On a march\u00e9 sous la pluie \u00bb est le juste reflet d\u2019une aventure plac\u00e9e sous le signe de la subtilit\u00e9. Il y a quelque part entre le jazz et la musique de chambre, un vrai plaisir de la rencontre. Cette jubilation du partage est tr\u00e8s sensible tout au long de cet album haut en couleurs\u2026 \u00bb<\/em> <br>Jean Luc Germain, Le T\u00e9l\u00e9gramme, mai 2001<\/p>\n<\/div>\n\n\n\n<div class=\"wp-block-column is-layout-flow wp-block-column-is-layout-flow\">\n<h2 class=\"wp-block-heading\">Ecouter des extraits<\/h2>\n\n\n\n<figure class=\"wp-block-audio\"><audio controls src=\"https:\/\/mzrecords.eu\/wp-content\/uploads\/2020\/11\/06-Pays-De-Glace.mp3\"><\/audio><figcaption class=\"wp-element-caption\">Pays de Glace<\/figcaption><\/figure>\n\n\n\n<figure class=\"wp-block-audio\"><audio controls src=\"https:\/\/mzrecords.eu\/wp-content\/uploads\/2020\/11\/04-Temps-Incertain.mp3\"><\/audio><figcaption class=\"wp-element-caption\">Temps incertain<\/figcaption><\/figure>\n\n\n\n<figure class=\"wp-block-audio\"><audio controls src=\"blob:https:\/\/mzrecords.eu\/98c3418d-fcf8-4281-bda3-3814601d442e\"><\/audio><figcaption class=\"wp-element-caption\">Victor<\/figcaption><\/figure>\n<\/div>\n<\/div>\n\n\n\n<p><\/p>\n","protected":false},"excerpt":{"rendered":"<p>Le premier disque du duo a \u00e9t\u00e9 enregistr\u00e9 en 2000 et r\u00e9v\u00e8le une premi\u00e8re \u00e9tape du cheminement de ce duo entre \u00e9criture et improvisation. \u201cEt si on a march\u00e9 sous la pluie, cette promenade au c\u0153ur d\u2019une \u00e9criture musicale exigeante a finalement transform\u00e9 la grisaille en \u00e9claircie\u2026\u201d Ce qu&rsquo;en a dit la presse \u00ab\u00a0Entre compositions [&hellip;]<\/p>\n","protected":false},"author":1,"featured_media":0,"parent":0,"menu_order":0,"comment_status":"closed","ping_status":"open","template":"","meta":{"footnotes":""},"class_list":["post-14","page","type-page","status-publish","hentry"],"_links":{"self":[{"href":"https:\/\/mzrecords.eu\/index.php\/wp-json\/wp\/v2\/pages\/14","targetHints":{"allow":["GET"]}}],"collection":[{"href":"https:\/\/mzrecords.eu\/index.php\/wp-json\/wp\/v2\/pages"}],"about":[{"href":"https:\/\/mzrecords.eu\/index.php\/wp-json\/wp\/v2\/types\/page"}],"author":[{"embeddable":true,"href":"https:\/\/mzrecords.eu\/index.php\/wp-json\/wp\/v2\/users\/1"}],"replies":[{"embeddable":true,"href":"https:\/\/mzrecords.eu\/index.php\/wp-json\/wp\/v2\/comments?post=14"}],"version-history":[{"count":13,"href":"https:\/\/mzrecords.eu\/index.php\/wp-json\/wp\/v2\/pages\/14\/revisions"}],"predecessor-version":[{"id":866,"href":"https:\/\/mzrecords.eu\/index.php\/wp-json\/wp\/v2\/pages\/14\/revisions\/866"}],"wp:attachment":[{"href":"https:\/\/mzrecords.eu\/index.php\/wp-json\/wp\/v2\/media?parent=14"}],"curies":[{"name":"wp","href":"https:\/\/api.w.org\/{rel}","templated":true}]}}