{"id":21,"date":"2020-07-28T15:32:42","date_gmt":"2020-07-28T13:32:42","guid":{"rendered":"http:\/\/mzrecords.eu\/?page_id=21"},"modified":"2023-05-09T18:17:47","modified_gmt":"2023-05-09T16:17:47","slug":"mar-02-duo-bjurstrom-rocher","status":"publish","type":"page","link":"https:\/\/mzrecords.eu\/index.php\/mar-02-duo-bjurstrom-rocher\/","title":{"rendered":"MAR 02: Duo Bjurstr\u00f6m- Rocher"},"content":{"rendered":"\n<div class=\"wp-block-media-text alignwide is-stacked-on-mobile\"><figure class=\"wp-block-media-text__media\"><img loading=\"lazy\" decoding=\"async\" width=\"708\" height=\"709\" src=\"http:\/\/mzrecords.eu\/wp-content\/uploads\/2020\/07\/duo-1.jpg\" alt=\"\" class=\"wp-image-22 size-full\" srcset=\"https:\/\/mzrecords.eu\/wp-content\/uploads\/2020\/07\/duo-1.jpg 708w, https:\/\/mzrecords.eu\/wp-content\/uploads\/2020\/07\/duo-1-300x300.jpg 300w, https:\/\/mzrecords.eu\/wp-content\/uploads\/2020\/07\/duo-1-150x150.jpg 150w\" sizes=\"auto, (max-width: 708px) 100vw, 708px\" \/><\/figure><div class=\"wp-block-media-text__content\">\n<p class=\"has-normal-font-size\"><strong>Christophe Rocher<\/strong>: clarinettes<br><strong>Christofer Bjurstr\u00f6m<\/strong>: piano<\/p>\n\n\n\n<p><\/p>\n\n\n\n<p>Enregistr\u00e9 par Sylvain Th\u00e9venard en janvier 2005 au studio La Buissonne, Pernes-les-Fontaines<\/p>\n\n\n\n<p><\/p>\n\n\n\n<p>R\u00e9pertoire cr\u00e9\u00e9 en r\u00e9sidence au Th\u00e9\u00e2tre de Cornouaille \u00e0 Quimper<\/p>\n\n\n\n<div class=\"wp-block-buttons is-layout-flex wp-block-buttons-is-layout-flex\">\n<div class=\"wp-block-button\"><a class=\"wp-block-button__link has-cyan-bluish-gray-background-color has-background wp-element-button\" href=\"https:\/\/www.lesallumesdujazz.com\/e-boutique\/bjurstrom-rocher\/a1lVSStHRHhDNDU4OWluTzU5eVhFZz09\" target=\"_blank\" rel=\"noreferrer noopener\">Commander sur le site des Allum\u00e9s du Jazz<\/a><\/div>\n\n\n\n<div class=\"wp-block-button\"><a class=\"wp-block-button__link has-cyan-bluish-gray-background-color has-background wp-element-button\" href=\"https:\/\/mzrecords.bandcamp.com\/\" target=\"_blank\" rel=\"noreferrer noopener\">Commander sur Bandcamp<\/a><\/div>\n<\/div>\n<\/div><\/div>\n\n\n\n<p><br>Depuis leur premi\u00e8re rencontre, et leur premier disque en duo, Christophe Rocher et Christofer Bjurstr\u00f6m ont poursuivi, ensemble et s\u00e9par\u00e9ment, leur parcours musical et exploratoire, enrichissant et approfondissant la musique du duo par un croisement d&rsquo;influences et d&rsquo;exp\u00e9riences artistiques et culturelles. Une musique singuli\u00e8re, qui n&rsquo;est ni la fusion ni la juxtaposition de deux univers musicaux, mais un dialogue ouvert et constructif, une rencontre dont na\u00eet une musique qui n&rsquo;appartient qu&rsquo;\u00e0 cette rencontre.<\/p>\n\n\n\n<div class=\"wp-block-columns is-layout-flex wp-container-core-columns-is-layout-9d6595d7 wp-block-columns-is-layout-flex\">\n<div class=\"wp-block-column is-layout-flow wp-block-column-is-layout-flow\" style=\"flex-basis:66.66%\">\n<h2 class=\"wp-block-heading\">CE QU&rsquo;EN A DIT LA PRESSE<\/h2>\n\n\n\n<p><em>\u00ab\u00a0\u00ab Cet album est magnifique de ma\u00eetrise et de risques savamment calcul\u00e9s \u00bb<br>\u00ab Sans nostalgie aucune (et bien m\u00eame, elle ne t\u00e9moignerait pas de temps trop anciens), l\u2019\u00e9coute de cet enregistrement me renvoie aussit\u00f4t \u00e0 l\u2019excellent concert donn\u00e9 \u00e0 l\u2019ITEMM, lors du r\u00e9cent Europa Jazz du Mans, par Christofer Bjurstr\u00f6m et Christophe rocher. (\u2026) Entre le piano, tant\u00f4t fougueux, tant\u00f4t r\u00eaveur de Bjurstr\u00f6m et la clarinette acrobate de Rocher, la conversation, sur sc\u00e8ne comme en studio, ne semble pas pr\u00e8s de faiblir. L\u2019un \u00e9puise le rythme quand l\u2019autre poursuit la m\u00e9lodie. (\u2026) Le silence des touches en appelle \u00e0 la po\u00e9sie d\u2019un souffle tortur\u00e9. Chacun, ensemble ou s\u00e9par\u00e9ment, oscille entre l\u2019intimit\u00e9 d\u2019une composition fragile et l\u2019\u00e9nergie soudaine d\u2019une improvisation d\u00e9brid\u00e9e\u2026.(\u2026) Et c\u2019est ainsi que cet album est magnifique de ma\u00eetrise et de risques savamment calcul\u00e9s. Bjurstr\u00f6m et Rocher ne perdent jamais le contr\u00f4le de leur propre discours. Ils le connaissent sur le bout des doigts, au point de s\u2019en amuser fortement, et nous avec, en cons\u00e9quence. (\u2026). \u00bb<\/em><br>Improjazz, Jo\u00ebl Pagier, Novembre\/d\u00e9cembre 2006 <br><br><em>\u00ab\u00a0\u00ab Le duo, Christophe Rocher et Christofer Bjurstr\u00f6m, s\u2019adonne sans complexe au jeu du chat et de la souris. \u00bb<br>\u00ab Chausse-trappes, labyrinthes, miroirs d\u00e9formants et monstres surgissant soudain, le pianiste n\u2019\u00e9pargne rien \u00e0 son comparse, ni les faux rendez-vous, ni les prises au d\u00e9pourvu. Et Rocher s\u2019en amuse au point que le concert s\u2019\u00e9coute le sourire aux l\u00e8vres, un peu comme l\u2019adulte, au cirque, ne doutant pas que l\u2019acrobate retombera sur ses pieds, se sent complice de sa virtuosit\u00e9. La prestation des deux antipodistes \u00e9voquera sans doute plus le jeu de mot oulipien que l\u2019\u00e9pop\u00e9e lyrique, mais il est parfois tout aussi plaisant de relire P\u00e9rec que Lautr\u00e9amont\u2026 \u00bb<\/em><br>Improjazz, Jo\u00ebl Pagier, juillet\/Aout 2006<br><br><em>\u00ab\u00a0Un discours tr\u00e8s \u00e9labor\u00e9 dans son ouverture associative.<br>\u00ab Le piano associe avec beaucoup de go\u00fbt et de naturel une simplicit\u00e9 populaire (r\u00e9it\u00e9ration de cycles d\u2019accords, rythmes constants), une limitation de la puissance de l\u2019instrument, et des techniques venues des musiques improvis\u00e9e et contemporaines. Souvent pr\u00e9par\u00e9 ou travaill\u00e9 de l\u2019int\u00e9rieur pour obtenir des r\u00e9sonances vigoureuses et d\u00e9licates, le piano de Christofer Bjurstr\u00f6m vient aussi tout droit des partitions d\u2019accompagnement. (\u2026) Les clarinettes de Christophe Rocher d\u00e9bordent sans cesse les conclusions auxquelles m\u00e8neraient les structures harmonico-rythmiques de Bjurstr\u00f6m, non pas \u00e0 la mani\u00e8re classique (relances m\u00e9lodiques, changement de tonalit\u00e9s\u2026) mais sur le registre propre de l\u2019improvisation, refusant d\u2019embl\u00e9e toute fermeture comme une forme de suicide. (\u2026) les morceaux forment une sorte de cycle de lieder dans la continuit\u00e9 du cd. Incomplet sans les autres, chacun relance l\u2019int\u00e9r\u00eat l\u2019\u00e9coute. \u00bb<\/em><br>Improjazz, No\u00ebl Tachet<br><br><em>\u00ab\u00a0\u00ab Cette compl\u00e9mentarit\u00e9, l\u2019\u00e9coute, la dualit\u00e9 de 2 artistes qui ch\u00e9rissent l\u2019improvisation, font mouche dans ce disque alternant caresses et coups de griffe, m\u00ealant jazz, n\u00e9o-classique et influences traditionnelles. Un passionnant voyage au c\u0153ur du son \u00bb<\/em><br>Le t\u00e9l\u00e9gramme, f\u00e9vrier 2006<br><br><em>\u00ab\u00a0\u00ab Duo Bjurstr\u00f6m\/Rocher : la r\u00e9v\u00e9lation du premier jour ! \u00bb<br>Entre le piano de Christofer Bjurstr\u00f6m et les clarinettes de Christophe Rocher, la musique circule, respire, le discours est fluide. Une musique improvis\u00e9e sans \u0153ill\u00e8res avec un go\u00fbt affirm\u00e9 pour des m\u00e9lodies et des rythmes naissant d&rsquo;alliages de timbres originaux. Une certitude : Christophe Rocher se hisse vers le sommet de la liste des \u00ab\u00a0clarinettistes fran\u00e7ais qui comptent. \u00bb<\/em><br>Thierry Giard, Culture Jazz, Europa Jazz festival 2006<br><br><em>\u00ab\u00a0\u00ab \u2026 conversations inattendues, \u00e0 la fois humoristiques, m\u00e9lancoliques, passionn\u00e9es entre les deux instruments\u2026 les multiples influences et la complicit\u00e9 sont au rendez-vous, et on ne se lasse pas de dialogues aussi riches entre deux instruments et deux musiciens de ce talent\u2026\u00bb<\/em><br>(Ouest-France, 16 mai 2005)<\/p>\n<\/div>\n\n\n\n<div class=\"wp-block-column is-layout-flow wp-block-column-is-layout-flow\" style=\"flex-basis:33.33%\">\n<h2 class=\"wp-block-heading\">Ecouter des extraits<\/h2>\n\n\n\n<figure class=\"wp-block-audio\"><audio controls src=\"https:\/\/mzrecords.eu\/wp-content\/uploads\/2020\/11\/02-Alice.mp3\"><\/audio><figcaption class=\"wp-element-caption\">Alice<\/figcaption><\/figure>\n\n\n\n<figure class=\"wp-block-audio\"><audio controls src=\"https:\/\/mzrecords.eu\/wp-content\/uploads\/2020\/11\/07-Au-Soleil-Ferraille.mp3\"><\/audio><figcaption class=\"wp-element-caption\">Au soleil ferraille<\/figcaption><\/figure>\n<\/div>\n<\/div>\n\n\n\n<p><\/p>\n","protected":false},"excerpt":{"rendered":"<p>Depuis leur premi\u00e8re rencontre, et leur premier disque en duo, Christophe Rocher et Christofer Bjurstr\u00f6m ont poursuivi, ensemble et s\u00e9par\u00e9ment, leur parcours musical et exploratoire, enrichissant et approfondissant la musique du duo par un croisement d&rsquo;influences et d&rsquo;exp\u00e9riences artistiques et culturelles. Une musique singuli\u00e8re, qui n&rsquo;est ni la fusion ni la juxtaposition de deux univers [&hellip;]<\/p>\n","protected":false},"author":1,"featured_media":0,"parent":0,"menu_order":0,"comment_status":"closed","ping_status":"closed","template":"","meta":{"footnotes":""},"class_list":["post-21","page","type-page","status-publish","hentry"],"_links":{"self":[{"href":"https:\/\/mzrecords.eu\/index.php\/wp-json\/wp\/v2\/pages\/21","targetHints":{"allow":["GET"]}}],"collection":[{"href":"https:\/\/mzrecords.eu\/index.php\/wp-json\/wp\/v2\/pages"}],"about":[{"href":"https:\/\/mzrecords.eu\/index.php\/wp-json\/wp\/v2\/types\/page"}],"author":[{"embeddable":true,"href":"https:\/\/mzrecords.eu\/index.php\/wp-json\/wp\/v2\/users\/1"}],"replies":[{"embeddable":true,"href":"https:\/\/mzrecords.eu\/index.php\/wp-json\/wp\/v2\/comments?post=21"}],"version-history":[{"count":16,"href":"https:\/\/mzrecords.eu\/index.php\/wp-json\/wp\/v2\/pages\/21\/revisions"}],"predecessor-version":[{"id":868,"href":"https:\/\/mzrecords.eu\/index.php\/wp-json\/wp\/v2\/pages\/21\/revisions\/868"}],"wp:attachment":[{"href":"https:\/\/mzrecords.eu\/index.php\/wp-json\/wp\/v2\/media?parent=21"}],"curies":[{"name":"wp","href":"https:\/\/api.w.org\/{rel}","templated":true}]}}