{"id":29,"date":"2020-07-28T15:39:51","date_gmt":"2020-07-28T13:39:51","guid":{"rendered":"http:\/\/mzrecords.eu\/?page_id=29"},"modified":"2023-05-09T18:04:20","modified_gmt":"2023-05-09T16:04:20","slug":"mar05-carnet-de-croquis-dun-voyageur-immobile","status":"publish","type":"page","link":"https:\/\/mzrecords.eu\/index.php\/mar05-carnet-de-croquis-dun-voyageur-immobile\/","title":{"rendered":"MAR 05: Carnet de Croquis d&rsquo;un Voyageur Immobile"},"content":{"rendered":"\n<div class=\"wp-block-media-text alignwide is-stacked-on-mobile\"><figure class=\"wp-block-media-text__media\"><img loading=\"lazy\" decoding=\"async\" width=\"1024\" height=\"877\" src=\"http:\/\/mzrecords.eu\/wp-content\/uploads\/2020\/07\/Carnet-de-Croquis-1024x877.jpg\" alt=\"\" class=\"wp-image-30 size-full\" srcset=\"https:\/\/mzrecords.eu\/wp-content\/uploads\/2020\/07\/Carnet-de-Croquis-1024x877.jpg 1024w, https:\/\/mzrecords.eu\/wp-content\/uploads\/2020\/07\/Carnet-de-Croquis-300x257.jpg 300w, https:\/\/mzrecords.eu\/wp-content\/uploads\/2020\/07\/Carnet-de-Croquis-768x658.jpg 768w, https:\/\/mzrecords.eu\/wp-content\/uploads\/2020\/07\/Carnet-de-Croquis-1536x1316.jpg 1536w, https:\/\/mzrecords.eu\/wp-content\/uploads\/2020\/07\/Carnet-de-Croquis-2048x1755.jpg 2048w\" sizes=\"auto, (max-width: 1024px) 100vw, 1024px\" \/><\/figure><div class=\"wp-block-media-text__content\">\n<p class=\"has-normal-font-size\"><strong>Christofer Bjurstr\u00f6m<\/strong>: piano, fl\u00fbtes et composition<\/p>\n\n\n\n<p class=\"has-normal-font-size\">C\u00e9cile Girard, (violoncelle), Jean-Claude Asselin (mandoline), G\u00e9rard Bouquin (contrebasse), Samuel Ma\u00eetre (clarinette basse), Fran\u00e7ois Malet (batterie et percussions), Daniel Palomo-Vinuesa (saxophone baryton et traitement \u00e9lectronique), Nicolas Pointard (batterie), Christophe Rocher (clarinette et clarinette basse), Pierre Stephan (violon)<\/p>\n\n\n\n<p><\/p>\n\n\n\n<p>Enregistr\u00e9 en juin 2008 au Studio Guimick, \u00e0 Yerres, par Sylvain Th\u00e9venard<\/p>\n\n\n\n<div class=\"wp-block-buttons is-layout-flex wp-block-buttons-is-layout-flex\">\n<div class=\"wp-block-button\"><a class=\"wp-block-button__link has-cyan-bluish-gray-background-color has-background wp-element-button\" href=\"https:\/\/www.lesallumesdujazz.com\/e-boutique\/carnet-de-croquis-d-un-voyageur-immobile\/WFFHb1FoR3ZhZ0xsWXFrSWRJblNsQT09\" target=\"_blank\" rel=\"noreferrer noopener\">Commander sur le site des Allum\u00e9s du Jazz<\/a><\/div>\n\n\n\n<div class=\"wp-block-button\"><a class=\"wp-block-button__link has-cyan-bluish-gray-background-color has-background wp-element-button\" href=\"https:\/\/mzrecords.bandcamp.com\/music\" target=\"_blank\" rel=\"noreferrer noopener\">Commander sur Bandcamp<\/a><\/div>\n<\/div>\n<\/div><\/div>\n\n\n\n<p><\/p>\n\n\n\n<p>Apr\u00e8s avoir dans un pr\u00e9c\u00e9dent album expos\u00e9 son exploration solitaire du piano, Christofer Bjurstr\u00f6m a voulu partager un voyage dans les sonorit\u00e9s et dans les atmosph\u00e8res des nombreuses musiques qu&rsquo;il a \u00e9crites pour le cin\u00e9ma muet.<\/p>\n\n\n\n<p><em>\u00ab&nbsp;Ces musiques sont toutes n\u00e9es de rencontres avec des films muets du d\u00e9but du XX\u00e8 si\u00e8cle. Autant de \u00ab couleurs \u00bb, autant de combinaisons instrumentales. Au bout du compte, ces p\u00e9r\u00e9grinations dans ces univers si diff\u00e9rents m\u2019ont donn\u00e9 le sentiment d\u2019\u00eatre un de ces voyageurs parcourant le monde, son carnet de croquis \u00e0 la main: au del\u00e0 de l\u2019apparente diversit\u00e9 des lieux travers\u00e9s, les croquis d\u00e9voilent autant le regard qui a \u00e9t\u00e9 pos\u00e9 sur les lieux que l\u2019atmosph\u00e8re v\u00e9cue. Cet album est n\u00e9 de l&rsquo;envie de partager ce voyage musical et ces rencontres avec les musiciens qui m&rsquo;ont accompagn\u00e9 tout au long de cette \u00ab\u00a0errance\u00a0\u00bb\u2026..&nbsp;\u00bb<\/em><\/p>\n\n\n\n<p>Pour cet album, il n&rsquo;y a pas de groupe fixe, mais plusieurs formations musicales selon les morceaux. La diversit\u00e9 des atmosph\u00e8res passe par la diversit\u00e9 des timbres, et des interactions entre musiciens. Plusieurs formations, plusieurs atmosph\u00e8res, mais un m\u00eame regard.<\/p>\n\n\n\n<p>Les dix musiciens qui participent \u00e0 l&rsquo;enregistrement font partie des compagnons de route auxquels Christofer Bjurstr\u00f6m est fid\u00e8le.<\/p>\n\n\n\n<p>Nous y retrouvons des musiciens de la sc\u00e8ne bretonne&nbsp;et d\u2019autres venus d\u2019ailleurs, rencontr\u00e9s au fil des sc\u00e8nes, au fil des cr\u00e9ations\u2026<\/p>\n\n\n\n<p>Le nombre des musiciens, la diversit\u00e9 des instruments convoqu\u00e9s, la vari\u00e9t\u00e9 des timbres et des couleurs des compositions musicales de Christofer Bjurstr\u00f6m font de cette production phonographique une s\u00e9rie de voyages anim\u00e9s et imag\u00e9s.<\/p>\n\n\n\n<div class=\"wp-block-columns is-layout-flex wp-container-core-columns-is-layout-9d6595d7 wp-block-columns-is-layout-flex\">\n<div class=\"wp-block-column is-layout-flow wp-block-column-is-layout-flow\">\n<iframe loading=\"lazy\" scrolling=\"no\" allow=\"autoplay\" src=\"https:\/\/w.soundcloud.com\/player\/?url=https%3A\/\/api.soundcloud.com\/tracks\/454684737&amp;color=%23ff5500&amp;auto_play=false&amp;hide_related=false&amp;show_comments=true&amp;show_user=true&amp;show_reposts=false&amp;show_teaser=true&amp;visual=true\" width=\"100%\" height=\"150\" frameborder=\"no\"><\/iframe><div style=\"font-size: 10px; color: #cccccc;line-break: anywhere;word-break: normal;overflow: hidden;white-space: nowrap;text-overflow: ellipsis; font-family: Interstate,Lucida Grande,Lucida Sans Unicode,Lucida Sans,Garuda,Verdana,Tahoma,sans-serif;font-weight: 100;\"><a href=\"https:\/\/soundcloud.com\/user-323714484\" title=\"Christofer Bjurstr\u00f6m\" target=\"_blank\" style=\"color: #cccccc; text-decoration: none;\" rel=\"noopener noreferrer\">Christofer Bjurstr\u00f6m<\/a> \u00b7 <a href=\"https:\/\/soundcloud.com\/user-323714484\/perdu-davance\" title=\"Perdu D'avance\" target=\"_blank\" style=\"color: #cccccc; text-decoration: none;\" rel=\"noopener noreferrer\">Perdu D&rsquo;avance<\/a><\/div>\n\n\n\n<iframe loading=\"lazy\" scrolling=\"no\" allow=\"autoplay\" src=\"https:\/\/w.soundcloud.com\/player\/?url=https%3A\/\/api.soundcloud.com\/tracks\/454684800&amp;color=%23ff5500&amp;auto_play=false&amp;hide_related=false&amp;show_comments=true&amp;show_user=true&amp;show_reposts=false&amp;show_teaser=true&amp;visual=true\" width=\"100%\" height=\"150\" frameborder=\"no\"><\/iframe><div style=\"font-size: 10px; color: #cccccc;line-break: anywhere;word-break: normal;overflow: hidden;white-space: nowrap;text-overflow: ellipsis; font-family: Interstate,Lucida Grande,Lucida Sans Unicode,Lucida Sans,Garuda,Verdana,Tahoma,sans-serif;font-weight: 100;\"><a href=\"https:\/\/soundcloud.com\/user-323714484\" title=\"Christofer Bjurstr\u00f6m\" target=\"_blank\" style=\"color: #cccccc; text-decoration: none;\" rel=\"noopener noreferrer\">Christofer Bjurstr\u00f6m<\/a> \u00b7 <a href=\"https:\/\/soundcloud.com\/user-323714484\/avant-de-commencer\" title=\"Avant De Commencer\" target=\"_blank\" style=\"color: #cccccc; text-decoration: none;\" rel=\"noopener noreferrer\">Avant De Commencer<\/a><\/div>\n\n\n\n<iframe loading=\"lazy\" scrolling=\"no\" allow=\"autoplay\" src=\"https:\/\/w.soundcloud.com\/player\/?url=https%3A\/\/api.soundcloud.com\/tracks\/454684296&amp;color=%23ff5500&amp;auto_play=false&amp;hide_related=false&amp;show_comments=true&amp;show_user=true&amp;show_reposts=false&amp;show_teaser=true&amp;visual=true\" width=\"100%\" height=\"150\" frameborder=\"no\"><\/iframe><div style=\"font-size: 10px; color: #cccccc;line-break: anywhere;word-break: normal;overflow: hidden;white-space: nowrap;text-overflow: ellipsis; font-family: Interstate,Lucida Grande,Lucida Sans Unicode,Lucida Sans,Garuda,Verdana,Tahoma,sans-serif;font-weight: 100;\"><a href=\"https:\/\/soundcloud.com\/user-323714484\" title=\"Christofer Bjurstr\u00f6m\" target=\"_blank\" style=\"color: #cccccc; text-decoration: none;\" rel=\"noopener noreferrer\">Christofer Bjurstr\u00f6m<\/a> \u00b7 <a href=\"https:\/\/soundcloud.com\/user-323714484\/sa-lente-danse-de-chrysalide\" title=\"Sa Lente Danse De Chrysalide\" target=\"_blank\" style=\"color: #cccccc; text-decoration: none;\" rel=\"noopener noreferrer\">Sa Lente Danse De Chrysalide<\/a><\/div>\n<\/div>\n\n\n\n<div class=\"wp-block-column is-layout-flow wp-block-column-is-layout-flow\">\n<h2 class=\"wp-block-heading\">Ce qu&rsquo;en a dit la presse<\/h2>\n\n\n\n<p><em>\u00ab\u00a0&#8230;le disque s\u2019\u00e9coute avec un plaisir rare, car les musiciens livrent leurs impressions, leurs perceptions et leurs envies. Ils se mettent ainsi \u00e0 nu pour offrir un opus d\u2019une rare intelligence. A vrai dire le cin\u00e9-concert m\u2019a toujours attir\u00e9 de part ce m\u00e9lange de deux formes d\u2019expression artistique. Carnet de croquis d\u2019un voyageur immobile me (re)donne ainsi l\u2019envie de suivre en live les relectures propos\u00e9es par Christofer et les musiciens qui l\u2019accompagnent et&nbsp; donnent non seulement un son mais aussi une couleur \u00e0 ces vieilles bobines de notre patrimoine\u00a0\u00bb.<\/em><br><strong>S\u00e9bastien Moig, Maxoe &#8211; 04\/2011<\/strong><\/p>\n\n\n\n<p><em>\u00ab\u00a0&#8230;tant il est vrai que, sans s&rsquo;interdire le clich\u00e9, elles surprennent et charment constamment par leur diversit\u00e9, leur humour, leur tendresse et l&rsquo;ing\u00e9niosit\u00e9 de leur facture tout en fausse candeur et en vraie malice. On pense aux musiques de Willem Breuker pour les films de Van Der Keuken, en plus cisel\u00e9es.\u00a0\u00bb<\/em><br><strong>Franck Bergerot, Jazz Magazine \u2013 09\/2010<\/strong><\/p>\n\n\n\n<p><em>D\u2019un extraordinaire dynamisme et vari\u00e9t\u00e9 de couleurs sont ces vingt-et-une musiques \u00ab voyageuses \u00bb n\u00e9es de traces et impressions glan\u00e9es au cours de parcours cin\u00e9philiques parmi des films muets du d\u00e9but du XX<sup>e<\/sup> si\u00e8cle (sign\u00e9s Murnau, Buster Keaton, Douglas Fairbanks, Victor Fleming, Raoul Walsh, Charley Bowers\u2026).  Ici joyeusement interpr\u00e9t\u00e9es par des musiciens, \u00e0 l\u2019\u00e9vidence, passionn\u00e9s de jazz.<\/em><br><strong>Francis G\u00e9rimont. L&rsquo;Education Musicale, n\u00b0 566<\/strong><\/p>\n<\/div>\n<\/div>\n\n\n\n<p><\/p>\n","protected":false},"excerpt":{"rendered":"<p>Apr\u00e8s avoir dans un pr\u00e9c\u00e9dent album expos\u00e9 son exploration solitaire du piano, Christofer Bjurstr\u00f6m a voulu partager un voyage dans les sonorit\u00e9s et dans les atmosph\u00e8res des nombreuses musiques qu&rsquo;il a \u00e9crites pour le cin\u00e9ma muet. \u00ab&nbsp;Ces musiques sont toutes n\u00e9es de rencontres avec des films muets du d\u00e9but du XX\u00e8 si\u00e8cle. Autant de \u00ab [&hellip;]<\/p>\n","protected":false},"author":1,"featured_media":0,"parent":0,"menu_order":0,"comment_status":"closed","ping_status":"closed","template":"","meta":{"footnotes":""},"class_list":["post-29","page","type-page","status-publish","hentry"],"_links":{"self":[{"href":"https:\/\/mzrecords.eu\/index.php\/wp-json\/wp\/v2\/pages\/29","targetHints":{"allow":["GET"]}}],"collection":[{"href":"https:\/\/mzrecords.eu\/index.php\/wp-json\/wp\/v2\/pages"}],"about":[{"href":"https:\/\/mzrecords.eu\/index.php\/wp-json\/wp\/v2\/types\/page"}],"author":[{"embeddable":true,"href":"https:\/\/mzrecords.eu\/index.php\/wp-json\/wp\/v2\/users\/1"}],"replies":[{"embeddable":true,"href":"https:\/\/mzrecords.eu\/index.php\/wp-json\/wp\/v2\/comments?post=29"}],"version-history":[{"count":26,"href":"https:\/\/mzrecords.eu\/index.php\/wp-json\/wp\/v2\/pages\/29\/revisions"}],"predecessor-version":[{"id":856,"href":"https:\/\/mzrecords.eu\/index.php\/wp-json\/wp\/v2\/pages\/29\/revisions\/856"}],"wp:attachment":[{"href":"https:\/\/mzrecords.eu\/index.php\/wp-json\/wp\/v2\/media?parent=29"}],"curies":[{"name":"wp","href":"https:\/\/api.w.org\/{rel}","templated":true}]}}