{"id":595,"date":"2020-12-21T16:39:22","date_gmt":"2020-12-21T15:39:22","guid":{"rendered":"https:\/\/mzrecords.eu\/?page_id=595"},"modified":"2023-05-03T16:01:34","modified_gmt":"2023-05-03T14:01:34","slug":"lba-c002-sous-letrange-lumiere-des-fantomes","status":"publish","type":"page","link":"https:\/\/mzrecords.eu\/index.php\/lba-c002-sous-letrange-lumiere-des-fantomes\/","title":{"rendered":"LBAC002 &#8211; Sous l&rsquo;\u00e9trange lumi\u00e8re des fant\u00f4mes"},"content":{"rendered":"\n<div class=\"wp-block-media-text alignwide is-stacked-on-mobile\"><figure class=\"wp-block-media-text__media\"><img loading=\"lazy\" decoding=\"async\" width=\"708\" height=\"686\" src=\"https:\/\/mzrecords.eu\/wp-content\/uploads\/2020\/11\/sous-letrange-lumiere.jpg\" alt=\"\" class=\"wp-image-495 size-full\" srcset=\"https:\/\/mzrecords.eu\/wp-content\/uploads\/2020\/11\/sous-letrange-lumiere.jpg 708w, https:\/\/mzrecords.eu\/wp-content\/uploads\/2020\/11\/sous-letrange-lumiere-300x291.jpg 300w\" sizes=\"auto, (max-width: 708px) 100vw, 708px\" \/><\/figure><div class=\"wp-block-media-text__content\">\n<p class=\"has-normal-font-size\">Enregistr\u00e9 en 1996 au studio de Chennevi\u00e8res par G\u00e9rard Lhomme<\/p>\n\n\n\n<p><\/p>\n\n\n\n<div class=\"wp-block-buttons is-layout-flex wp-block-buttons-is-layout-flex\">\n<div class=\"wp-block-button\"><a class=\"wp-block-button__link has-cyan-bluish-gray-background-color has-background wp-element-button\" href=\"https:\/\/mzrecords.bandcamp.com\/album\/sous-l-trange-lumi-re-des-fant-mes\" target=\"_blank\" rel=\"noreferrer noopener\">Ecouter \/ T\u00e9l\u00e9charger \/ Acheter sur Bandcamp<\/a><\/div>\n<\/div>\n<\/div><\/div>\n\n\n\n<p><\/p>\n\n\n\n<p><\/p>\n\n\n\n<p class=\"has-medium-font-size\">BJURSTR\u00d6M SEXTET:<\/p>\n\n\n\n<ul class=\"wp-block-list\">\n<li>Dani\u00e8le Dumas: saxophone soprano et clarinette basse<\/li>\n\n\n\n<li>Daniel Palomo Vinuesa: saxophones soprano, alto et baryton<\/li>\n\n\n\n<li>Jack Thiney: saxophone t\u00e9nor<\/li>\n\n\n\n<li>G\u00e9rard Bouquin: contrebasse<\/li>\n\n\n\n<li>Fran\u00e7ois Malet: batterie, percussions<\/li>\n\n\n\n<li>Christofer Bjurstr\u00f6m: piano, fl\u00fbtes, composition<\/li>\n<\/ul>\n","protected":false},"excerpt":{"rendered":"<p>BJURSTR\u00d6M SEXTET:<\/p>\n","protected":false},"author":1,"featured_media":0,"parent":0,"menu_order":0,"comment_status":"closed","ping_status":"closed","template":"","meta":{"footnotes":""},"class_list":["post-595","page","type-page","status-publish","hentry"],"_links":{"self":[{"href":"https:\/\/mzrecords.eu\/index.php\/wp-json\/wp\/v2\/pages\/595","targetHints":{"allow":["GET"]}}],"collection":[{"href":"https:\/\/mzrecords.eu\/index.php\/wp-json\/wp\/v2\/pages"}],"about":[{"href":"https:\/\/mzrecords.eu\/index.php\/wp-json\/wp\/v2\/types\/page"}],"author":[{"embeddable":true,"href":"https:\/\/mzrecords.eu\/index.php\/wp-json\/wp\/v2\/users\/1"}],"replies":[{"embeddable":true,"href":"https:\/\/mzrecords.eu\/index.php\/wp-json\/wp\/v2\/comments?post=595"}],"version-history":[{"count":6,"href":"https:\/\/mzrecords.eu\/index.php\/wp-json\/wp\/v2\/pages\/595\/revisions"}],"predecessor-version":[{"id":835,"href":"https:\/\/mzrecords.eu\/index.php\/wp-json\/wp\/v2\/pages\/595\/revisions\/835"}],"wp:attachment":[{"href":"https:\/\/mzrecords.eu\/index.php\/wp-json\/wp\/v2\/media?parent=595"}],"curies":[{"name":"wp","href":"https:\/\/api.w.org\/{rel}","templated":true}]}}